62895 a composite number?
True
Is 290083 a prime number?
True
Is 147827 a prime number?
True
Is 30931 prime?
True
Is 566 a prime number?
False
Is 266689 composite?
False
Is 15445 a composite number?
True
Is 38993 composite?
False
Is 39359 a composite number?
False
Is 25019 composite?
True
Is 5789 composite?
True
Is 116027 a prime number?
True
Is 9131 a composite number?
True
Is 134069 prime?
False
Is 59921 composite?
False
Is 176603 a composite number?
True
Is 10961 composite?
True
Is 26905 a prime number?
False
Is 16349 prime?
True
Is 48937 a prime number?
False
Is 368711 prime?
False
Is 31261 a composite number?
True
Is 6973 prime?
False
Is 7563 composite?
True
Is 250583 prime?
True
Is 931393 a composite number?
True
Is 13553 a composite number?
False
Is 6389 a prime number?
True
Is 108983 composite?
True
Is 104281 a composite number?
False
Is 38903 a prime number?
True
Is 103893 composite?
True
Is 88271 prime?
False
Is 28117 a composite number?
True
Is 36827 a prime number?
False
Is 35641 a prime number?
False
Is 238247 composite?
False
Is 1105385 a composite number?
True
Is 8641 a prime number?
True
Is 57745 a composite number?
True
Is 15121 prime?
True
Is 598363 a composite number?
False
Is 16331 composite?
True
Is 6488389 a composite number?
False
Is 6959 composite?
False
Is 761069 a composite number?
False
Is 505189 a composite number?
True
Is 41071 prime?
False
Is 418699 a composite number?
False
Is 48049 a composite number?
False
Is 9239 a prime number?
True
Is 347 prime?
True
Is 340547 composite?
True
Is 16123 prime?
False
Is 202661 prime?
True
Is 307 a prime number?
True
Is 362339 prime?
True
Is 72595 composite?
True
Is 142139 prime?
False
Is 60679 a composite number?
False
Is 6389 prime?
True
Is 4801 prime?
True
Is 4861 composite?
False
Is 4561 composite?
False
Is 28429 prime?
True
Is 67973 a prime number?
False
Is 1199 composite?
True
Is 1299707 prime?
False
Is 271571 a prime number?
True
Is 158497 prime?
False
Is 29167 a composite number?
False
Is 77089 prime?
False
Is 8419 a prime number?
True
Is 9953 composite?
True
Is 6229349 a composite number?
True
Is 74343 composite?
True
Is 3851359 a composite number?
False
Is 177943 composite?
False
Is 6449 a composite number?
False
Is 87883 a prime number?
False
Is 105979 a prime number?
False
Is 16343 a composite number?
True
Is 6697 prime?
False
Is 186011 a prime number?
False
Is 7115 a composite number?
True
Is 182809 composite?
True
Is 3665 composite?
True
Is 8962 prime?
False
Is 260399 composite?
False
Is 15163 composite?
True
Is 733531 prime?
False
Is 36665 prime?
False
Is 1652867 composite?
True
Is 334931 a prime number?
True
Is 477341 composite?
False
Is 5639 prime?
True
Is 9553 composite?
True
Is 45943 prime?
True
Is 84395 composite?
True
Is 50989 a composite number?
False
Is 332869 a composite number?
True
Is 211 prime?
True
Is 19478 prime?
False
Is 71291 a prime number?
False
Is 39971 a prime number?
True
Is 21557 a composite number?
False
Is 541 a prime number?
True
Is 15629 prime?
True
Is 400747 a prime number?
False
Is 5147 composite?
False
Is 1205819 prime?
True
Is 520435 composite?
True
Is 226049 prime?
False
Is 919 prime?
True
Is 24611 a prime number?
True
Is 213449 a prime number?
True
Is 238451 a prime number?
True
Is 1395029 composite?
False
Is 842369 prime?
False
Is 21367 a composite number?
True
Is 29411 a composite number?
False
Is 150653 prime?
False
Is 581851 prime?
False
Is 697 a composite number?
True
Is 63577 a prime number?
True
Is 1841191 composite?
True
Is 19027 a prime number?
False
Is 130881 composite?
True
Is 1182251 a prime number?
False
Is 53393 prime?
False
Is 42213 prime?
False
Is 2518 prime?
False
Is 99347 a composite number?
False
Is 105167 a composite number?
False
Is 126173 a composite number?
False
Is 687457 a prime number?
True
Is 47431 a composite number?
False
Is 37643 a composite number?
False
Is 411841 prime?
True
Is 8081 a prime number?
True
Is 215399 prime?
True
Is 253947 a prime number?
False
Is 5500277 a composite number?
False
Is 917563 composite?
True
Is 220577 a prime number?
False
Is 1087 a composite number?
False
Is 558681 a prime number?
False
Is 9089 prime?
False
Is 14051 a prime number?
True
Is 21823 a composite number?
True
Is 21661 a composite number?
False
Is 57093 composite?
True
Is 54953 a prime number?
False
Is 931403 a composite number?
True
Is 334027 a prime number?
False
Is 18893 prime?
False
Is 298391 prime?
False
Is 4061 a composite number?
True
Is 87697 a prime number?
True
Is 120179 a composite number?
True
Is 144341 a prime number?
True
Is 446069 a prime number?
False
Is 535 prime?
False
Is 4274 a composite number?
True
Is 12569 a prime number?
True
Is 4871645 a prime number?
False
Is 46457 a prime number?
True
Is 2161 prime?
True
Is 15787 composite?
False
Is 2286013 a composite number?
False
Is 3427 composite?
True
Is 258497 a composite number?
True
Is 1135139 prime?
False
Is 6637 prime?
True
Is 39359 composite?
False
Is 9289 prime?
False
Is 106897 a prime number?
False
Is 823757 a composite number?
True
Is 237383 prime?
False
Is 688469 a composite number?
True
Is 75209 a prime number?
True
Is 30619 a prime number?
False
Is 15401 composite?
False
Is 8057 a prime number?
False
Is 15877 prime?
True
Is 56554 composite?
True
Is 3235 a prime number?
False
Is 2159 a composite number?
True
Is 1402 prime?
False
Is 118705 a composite number?
True
Is 4391 composite?
False
Is 3191 prime?
True
Is 13259 a prime number?
True
Is 27609 composite?
True
Is 4663 composite?
False
Is 10555 prime?
False
Is 127913 a composite number?
False
Is 19385 a composite number?
True
Is 40379 composite?
True
Is 61991 a composite number?
False
Is 5303 composite?
False
Is 10379 a prime number?
False
Is 3523 a prime number?
False
Is 669 prime?
False
Is 50309 composite?
True
Is 26947 a composite number?
False
Is 11369 a prime number?
True
Is 1511 a prime number?
True
Is 275881 a prime number?
True
Is 212183 a prime number?
True
Is 694067 a composite number?
True
Is 919 prime?
True
Is 100649 prime?
True
Is 323507 a composite number?
False
Is 22267 a composite number?
True
Is 7753 prime?
True
Is 2103 a prime number?
False
Is 193862 a prime number?
False
Is 2155381 prime?
True
Is 95423 composite?
True
Is 1193 a prime number?
True
Is 125591 a prime number?
True
Is 183151 a composite number?
False
Is 17335 a composite number?
True
Is 6374 prime?
False
Is 13526 prime?
False
Is 769721 composite?
True
Is 13397 a composite number?
False
Is 129581 a composite number?
False
Is 3343 a prime number?
True
Is 113149 prime?
True
Is 3749 prime?
False
Is 403951 prime?
True
Is 96053 a composite number?
False
Is 2281 composite?
False
Is 5737 composite?
False
Is 69337 a prime number?
True
Is 19871 a prime number?
False
Is 1357333 a composite number?
False
Is 499 a composite number?
False
Is 5027 a prime number?
False
Is 31013 a prime number?
True
Is 10195 a prime number?
False
Is 314269 composite?
True
Is 180559 a composite number?
True
Is 12709 a prime number?
False
Is 86153 a prime number?
False
Is 95005 prime?
False
Is 1537 composite?
True
Is 2291 composite?
True
Is 24627 a prime number?
False
Is 4703 composite?
False
Is 322415 a prime number?
False
Is 8059 a composite number?
False
Is 105407 composite?
False
Is 125407 a prime number?
True
Is 350257 prime?
True
Is 8201 a prime number?
False
Is 4315405 composite?
True
Is 535387 composite?
False
Is 21581 composite?
True
Is 11369 composite?
False
Is 1534409 a prime number?
False
Is 17723 a composite number?
True
Is 183265 a prime number?
False
Is 7789 a composite number?
False
Is 139571 composite?
False
Is 499531 composite?
True
Is 1173083 prime?
False
Is 58679 prime?
True
Is 8501 a composite number?
False
Is 3646 a composite number?
True
Is 208399 a prime number?
False
Is 53719 composite?
False
Is 42037 composite?
True
Is 478769 prime?
True
Is 16921 prime?
True
Is 422441 a prime number?
False
Is 21133 a composite number?
True
Is 368669 composite?
True
Is 38579 a composite number?
True
Is 211177 a composite number?
False
Is 16711 prime?
False
Is 269089 composite?
False
Is 10351 a prime number?
False
Is 67523 a prime number?
True
Is 464611 a composite number?
True
Is 93187 prime?
True
Is 118385 composite?
True
Is 2251